Last updated on 2025-09-29 20:49:35 CEST.
Flavor | Version | Tinstall | Tcheck | Ttotal | Status | Flags |
---|---|---|---|---|---|---|
r-devel-linux-x86_64-debian-clang | 1.1.0 | 13.88 | 132.16 | 146.04 | OK | |
r-devel-linux-x86_64-debian-gcc | 1.1.0 | 8.02 | 89.28 | 97.30 | OK | |
r-devel-linux-x86_64-fedora-clang | 1.1.0 | 248.79 | OK | |||
r-devel-linux-x86_64-fedora-gcc | 1.1.0 | 239.17 | OK | |||
r-devel-windows-x86_64 | 1.1.0 | 16.00 | 155.00 | 171.00 | OK | |
r-patched-linux-x86_64 | 1.1.0 | 11.68 | 122.54 | 134.22 | OK | |
r-release-linux-x86_64 | 1.1.0 | 12.67 | 120.93 | 133.60 | OK | |
r-release-macos-arm64 | 1.1.0 | 65.00 | OK | |||
r-release-macos-x86_64 | 1.1.0 | 128.00 | OK | |||
r-release-windows-x86_64 | 1.1.0 | 15.00 | 154.00 | 169.00 | OK | |
r-oldrel-macos-arm64 | 1.1.0 | 71.00 | OK | |||
r-oldrel-macos-x86_64 | 1.1.0 | 32.00 | ERROR | |||
r-oldrel-windows-x86_64 | 1.1.0 | 23.00 | 181.00 | 204.00 | OK |
Version: 1.1.0
Check: package dependencies
Result: ERROR
Package required but not available: ‘pwalign’
See section ‘The DESCRIPTION file’ in the ‘Writing R Extensions’
manual.
Flavor: r-oldrel-macos-x86_64