Last updated on 2025-09-30 20:50:33 CEST.
Flavor | Version | Tinstall | Tcheck | Ttotal | Status | Flags |
---|---|---|---|---|---|---|
r-devel-linux-x86_64-debian-clang | 2.74 | 49.21 | 88.79 | 138.00 | OK | |
r-devel-linux-x86_64-debian-gcc | 2.74 | 39.22 | 59.67 | 98.89 | OK | |
r-devel-linux-x86_64-fedora-clang | 2.74 | 218.21 | OK | |||
r-devel-linux-x86_64-fedora-gcc | 2.74 | 240.88 | OK | |||
r-devel-windows-x86_64 | 2.74 | 60.00 | 111.00 | 171.00 | OK | |
r-patched-linux-x86_64 | 2.74 | 54.53 | 77.20 | 131.73 | OK | |
r-release-linux-x86_64 | 2.74 | 54.65 | 77.08 | 131.73 | OK | |
r-release-macos-arm64 | 2.74 | 87.00 | OK | |||
r-release-macos-x86_64 | 2.74 | 101.00 | OK | |||
r-release-windows-x86_64 | 2.74 | 62.00 | 110.00 | 172.00 | OK | |
r-oldrel-macos-arm64 | 2.74 | 83.00 | OK | |||
r-oldrel-macos-x86_64 | 2.74 | 111.00 | NOTE | |||
r-oldrel-windows-x86_64 | 2.74 | 75.00 | 128.00 | 203.00 | OK |
Version: 2.74
Check: installed package size
Result: NOTE
installed size is 5.1Mb
sub-directories of 1Mb or more:
libs 3.6Mb
Flavor: r-oldrel-macos-x86_64