CRAN Package Check Results for Package BayesPostEst

Last updated on 2025-09-30 20:50:32 CEST.

Flavor Version Tinstall Tcheck Ttotal Status Flags
r-devel-linux-x86_64-debian-clang 0.4.0 9.00 529.55 538.55 OK
r-devel-linux-x86_64-debian-gcc 0.4.0 6.45 425.23 431.68 OK
r-devel-linux-x86_64-fedora-clang 0.4.0 766.27 NOTE
r-devel-linux-x86_64-fedora-gcc 0.4.0 898.03 NOTE
r-devel-windows-x86_64 0.4.0 11.00 775.00 786.00 OK
r-patched-linux-x86_64 0.4.0 8.95 567.35 576.30 OK
r-release-linux-x86_64 0.4.0 9.57 573.36 582.93 OK
r-release-macos-arm64 0.4.0 267.00 OK
r-release-macos-x86_64 0.4.0 636.00 OK
r-release-windows-x86_64 0.4.0 11.00 782.00 793.00 OK
r-oldrel-macos-arm64 0.4.0 250.00 OK
r-oldrel-macos-x86_64 0.4.0 497.00 OK
r-oldrel-windows-x86_64 0.4.0 14.00 635.00 649.00 OK

Check Details

Version: 0.4.0
Check: dependencies in R code
Result: NOTE Namespaces in Imports field not imported from: ‘HDInterval’ ‘carData’ ‘rjags’ All declared Imports should be used. Flavors: r-devel-linux-x86_64-fedora-clang, r-devel-linux-x86_64-fedora-gcc