CRAN Package Check Results for Package BayesTwin

Last updated on 2025-09-30 20:50:32 CEST.

Flavor Version Tinstall Tcheck Ttotal Status Flags
r-devel-linux-x86_64-debian-clang 1.0 5.71 38.22 43.93 NOTE
r-devel-linux-x86_64-debian-gcc 1.0 3.58 28.12 31.70 NOTE
r-devel-linux-x86_64-fedora-clang 1.0 68.66 OK
r-devel-linux-x86_64-fedora-gcc 1.0 62.23 OK
r-devel-windows-x86_64 1.0 5.00 54.00 59.00 OK
r-patched-linux-x86_64 1.0 6.03 35.57 41.60 OK
r-release-linux-x86_64 1.0 4.72 35.54 40.26 OK
r-release-macos-arm64 1.0 25.00 OK
r-release-macos-x86_64 1.0 44.00 OK
r-release-windows-x86_64 1.0 8.00 55.00 63.00 OK
r-oldrel-macos-arm64 1.0 27.00 OK
r-oldrel-macos-x86_64 1.0 32.00 OK
r-oldrel-windows-x86_64 1.0 6.00 63.00 69.00 OK

Check Details

Version: 1.0
Check: CRAN incoming feasibility
Result: NOTE Maintainer: ‘Inga Schwabe <bayestwin@gmail.com>’ No Authors@R field in DESCRIPTION. Please add one, modifying Authors@R: person(given = "Inga", family = "Schwabe", role = c("aut", "cre"), email = "bayestwin@gmail.com") as necessary. The BugReports field in DESCRIPTION has https://github.com/ingaschwabe/BayesTwin which should likely be https://github.com/ingaschwabe/BayesTwin/issues instead. Flavors: r-devel-linux-x86_64-debian-clang, r-devel-linux-x86_64-debian-gcc