Last updated on 2025-09-30 20:50:33 CEST.
Flavor | Version | Tinstall | Tcheck | Ttotal | Status | Flags |
---|---|---|---|---|---|---|
r-devel-linux-x86_64-debian-clang | 1.2-9 | 14.74 | 95.93 | 110.67 | NOTE | |
r-devel-linux-x86_64-debian-gcc | 1.2-9 | 8.68 | 69.81 | 78.49 | NOTE | |
r-devel-linux-x86_64-fedora-clang | 1.2-9 | 165.71 | OK | |||
r-devel-linux-x86_64-fedora-gcc | 1.2-9 | 165.50 | OK | |||
r-devel-windows-x86_64 | 1.2-9 | 14.00 | 136.00 | 150.00 | OK | |
r-patched-linux-x86_64 | 1.2-9 | 12.48 | 89.72 | 102.20 | OK | |
r-release-linux-x86_64 | 1.2-9 | 11.03 | 89.36 | 100.39 | OK | |
r-release-macos-arm64 | 1.2-9 | 69.00 | OK | |||
r-release-macos-x86_64 | 1.2-9 | 120.00 | OK | |||
r-release-windows-x86_64 | 1.2-9 | 13.00 | 135.00 | 148.00 | OK | |
r-oldrel-macos-arm64 | 1.2-9 | 56.00 | OK | |||
r-oldrel-macos-x86_64 | 1.2-9 | 87.00 | OK | |||
r-oldrel-windows-x86_64 | 1.2-9 | 20.00 | 155.00 | 175.00 | OK |
Version: 1.2-9
Check: CRAN incoming feasibility
Result: NOTE
Maintainer: ‘Robin K. S. Hankin <hankin.robin@gmail.com>’
Package CITATION file contains call(s) to old-style citEntry(). Please
use bibentry() instead.
Flavors: r-devel-linux-x86_64-debian-clang, r-devel-linux-x86_64-debian-gcc