CRAN Package Check Results for Package Counterfactual

Last updated on 2025-09-30 20:50:35 CEST.

Flavor Version Tinstall Tcheck Ttotal Status Flags
r-devel-linux-x86_64-debian-clang 1.2 13.68 124.80 138.48 NOTE
r-devel-linux-x86_64-debian-gcc 1.2 8.92 89.88 98.80 NOTE
r-devel-linux-x86_64-fedora-clang 1.2 208.48 OK
r-devel-linux-x86_64-fedora-gcc 1.2 214.47 OK
r-devel-windows-x86_64 1.2 16.00 420.00 436.00 OK
r-patched-linux-x86_64 1.2 10.79 117.95 128.74 OK
r-release-linux-x86_64 1.2 13.58 118.34 131.92 OK
r-release-macos-arm64 1.2 182.00 OK
r-release-macos-x86_64 1.2 341.00 OK
r-release-windows-x86_64 1.2 16.00 413.00 429.00 OK
r-oldrel-macos-arm64 1.2 165.00 OK
r-oldrel-macos-x86_64 1.2 272.00 OK
r-oldrel-windows-x86_64 1.2 21.00 505.00 526.00 OK

Check Details

Version: 1.2
Check: CRAN incoming feasibility
Result: NOTE Maintainer: ‘Ivan Fernandez-Val <ivanf@bu.edu>’ No Authors@R field in DESCRIPTION. Please add one, modifying Authors@R: c(person(given = "Mingli", family = "Chen", role = "aut"), person(given = "Victor", family = "Chernozhukov", role = "aut"), person(given = "Ivan", family = "Fernandez-Val", role = c("aut", "cre"), email = "ivanf@bu.edu"), person(given = "Blaise", family = "Melly", role = "aut")) as necessary. Flavors: r-devel-linux-x86_64-debian-clang, r-devel-linux-x86_64-debian-gcc