CRAN Package Check Results for Package DWaveNARDL

Last updated on 2025-09-30 20:50:36 CEST.

Flavor Version Tinstall Tcheck Ttotal Status Flags
r-devel-linux-x86_64-debian-clang 0.1.0 2.81 27.44 30.25 OK
r-devel-linux-x86_64-debian-gcc 0.1.0 2.23 21.96 24.19 OK
r-devel-linux-x86_64-fedora-clang 0.1.0 45.29 NOTE
r-devel-linux-x86_64-fedora-gcc 0.1.0 44.31 NOTE
r-devel-windows-x86_64 0.1.0 5.00 47.00 52.00 OK
r-patched-linux-x86_64 0.1.0 2.75 26.27 29.02 OK
r-release-linux-x86_64 0.1.0 2.83 26.17 29.00 OK
r-release-macos-arm64 0.1.0 18.00 OK
r-release-macos-x86_64 0.1.0 34.00 OK
r-release-windows-x86_64 0.1.0 5.00 47.00 52.00 OK
r-oldrel-macos-arm64 0.1.0 25.00 OK
r-oldrel-macos-x86_64 0.1.0 38.00 OK
r-oldrel-windows-x86_64 0.1.0 6.00 55.00 61.00 OK

Check Details

Version: 0.1.0
Check: dependencies in R code
Result: NOTE Namespace in Imports field not imported from: ‘roxygen2’ All declared Imports should be used. Flavors: r-devel-linux-x86_64-fedora-clang, r-devel-linux-x86_64-fedora-gcc