Last updated on 2025-09-30 20:50:36 CEST.
Flavor | Version | Tinstall | Tcheck | Ttotal | Status | Flags |
---|---|---|---|---|---|---|
r-devel-linux-x86_64-debian-clang | 0.2 | 1.74 | 20.15 | 21.89 | NOTE | |
r-devel-linux-x86_64-debian-gcc | 0.2 | 1.34 | 16.60 | 17.94 | NOTE | |
r-devel-linux-x86_64-fedora-clang | 0.2 | 32.37 | OK | |||
r-devel-linux-x86_64-fedora-gcc | 0.2 | 30.99 | OK | |||
r-devel-windows-x86_64 | 0.2 | 3.00 | 40.00 | 43.00 | OK | |
r-patched-linux-x86_64 | 0.2 | 1.67 | 19.10 | 20.77 | OK | |
r-release-linux-x86_64 | 0.2 | 1.52 | 18.92 | 20.44 | OK | |
r-release-macos-arm64 | 0.2 | 19.00 | OK | |||
r-release-macos-x86_64 | 0.2 | 23.00 | OK | |||
r-release-windows-x86_64 | 0.2 | 2.00 | 41.00 | 43.00 | OK | |
r-oldrel-macos-arm64 | 0.2 | 14.00 | OK | |||
r-oldrel-macos-x86_64 | 0.2 | 20.00 | OK | |||
r-oldrel-windows-x86_64 | 0.2 | 3.00 | 48.00 | 51.00 | OK |
Version: 0.2
Check: CRAN incoming feasibility
Result: NOTE
Maintainer: ‘Kosei Abe <mail@recyclebin.jp>’
No Authors@R field in DESCRIPTION.
Please add one, modifying
Authors@R: c(person(given = "Kosei",
family = "Abe",
role = c("aut", "cre"),
email = "mail@recyclebin.jp"),
person(given = "Richard",
family = "Cotton",
role = "ctb"))
as necessary.
Flavors: r-devel-linux-x86_64-debian-clang, r-devel-linux-x86_64-debian-gcc