CRAN Package Check Results for Package DrugSim2DR

Last updated on 2025-09-30 20:50:36 CEST.

Flavor Version Tinstall Tcheck Ttotal Status Flags
r-devel-linux-x86_64-debian-clang 0.1.1 14.86 117.45 132.31 OK
r-devel-linux-x86_64-debian-gcc 0.1.1 9.46 82.56 92.02 OK
r-devel-linux-x86_64-fedora-clang 0.1.1 214.66 NOTE
r-devel-linux-x86_64-fedora-gcc 0.1.1 218.93 NOTE
r-devel-windows-x86_64 0.1.1 18.00 117.00 135.00 OK
r-patched-linux-x86_64 0.1.1 14.65 109.32 123.97 OK
r-release-linux-x86_64 0.1.1 13.56 110.17 123.73 OK
r-release-macos-arm64 0.1.1 73.00 OK
r-release-macos-x86_64 0.1.1 7.00 ERROR
r-release-windows-x86_64 0.1.1 18.00 118.00 136.00 OK
r-oldrel-macos-arm64 0.1.1 64.00 OK
r-oldrel-macos-x86_64 0.1.1 95.00 OK
r-oldrel-windows-x86_64 0.1.1 23.00 151.00 174.00 OK

Check Details

Version: 0.1.1
Check: dependencies in R code
Result: NOTE Namespace in Imports field not imported from: ‘base’ All declared Imports should be used. Flavors: r-devel-linux-x86_64-fedora-clang, r-devel-linux-x86_64-fedora-gcc

Version: 0.1.1
Check: package dependencies
Result: ERROR Package required but not available: ‘ChemmineR’ See section ‘The DESCRIPTION file’ in the ‘Writing R Extensions’ manual. Flavor: r-release-macos-x86_64