CRAN Package Check Results for Package FIESTA

Last updated on 2025-09-30 20:50:38 CEST.

Flavor Version Tinstall Tcheck Ttotal Status Flags
r-devel-linux-x86_64-debian-clang 3.7.1 57.64 445.75 503.39 OK
r-devel-linux-x86_64-debian-gcc 3.7.1 32.41 285.14 317.55 OK
r-devel-linux-x86_64-fedora-clang 3.7.1 811.36 OK
r-devel-linux-x86_64-fedora-gcc 3.7.1 799.81 OK
r-devel-windows-x86_64 3.7.1 50.00 349.00 399.00 OK
r-patched-linux-x86_64 3.7.1 51.82 407.71 459.53 OK
r-release-linux-x86_64 3.7.1 45.81 410.59 456.40 OK
r-release-macos-arm64 3.7.1 200.00 OK
r-release-macos-x86_64 3.7.1 224.00 OK
r-release-windows-x86_64 3.7.1 51.00 352.00 403.00 OK
r-oldrel-macos-arm64 3.7.1 176.00 NOTE
r-oldrel-macos-x86_64 3.7.1 221.00 NOTE
r-oldrel-windows-x86_64 3.7.1 71.00 472.00 543.00 NOTE

Check Details

Version: 3.7.1
Check: installed package size
Result: NOTE installed size is 10.7Mb sub-directories of 1Mb or more: R 5.6Mb doc 1.4Mb extdata 2.1Mb Flavors: r-oldrel-macos-arm64, r-oldrel-macos-x86_64, r-oldrel-windows-x86_64