Last updated on 2025-09-30 20:50:38 CEST.
Flavor | Version | Tinstall | Tcheck | Ttotal | Status | Flags |
---|---|---|---|---|---|---|
r-devel-linux-x86_64-debian-clang | 1.6.0 | 64.52 | 480.39 | 544.91 | OK | |
r-devel-linux-x86_64-debian-gcc | 1.6.0 | 45.79 | 302.66 | 348.45 | OK | |
r-devel-linux-x86_64-fedora-clang | 1.6.0 | 895.02 | OK | |||
r-devel-linux-x86_64-fedora-gcc | 1.6.0 | 947.67 | OK | |||
r-devel-windows-x86_64 | 1.6.0 | 89.00 | 573.00 | 662.00 | OK | |
r-patched-linux-x86_64 | 1.6.0 | 68.29 | 455.02 | 523.31 | OK | |
r-release-linux-x86_64 | 1.6.0 | 69.89 | 455.89 | 525.78 | OK | |
r-release-macos-arm64 | 1.6.0 | 186.00 | OK | |||
r-release-macos-x86_64 | 1.6.0 | 374.00 | OK | |||
r-release-windows-x86_64 | 1.6.0 | 77.00 | 565.00 | 642.00 | OK | |
r-oldrel-macos-arm64 | 1.6.0 | 220.00 | NOTE | |||
r-oldrel-macos-x86_64 | 1.6.0 | 370.00 | NOTE | |||
r-oldrel-windows-x86_64 | 1.6.0 | 90.00 | 624.00 | 714.00 | NOTE |
Version: 1.6.0
Check: installed package size
Result: NOTE
installed size is 16.9Mb
sub-directories of 1Mb or more:
data 2.7Mb
doc 1.2Mb
libs 12.3Mb
Flavors: r-oldrel-macos-arm64, r-oldrel-macos-x86_64, r-oldrel-windows-x86_64