CRAN Package Check Results for Package FracKrigingR

Last updated on 2025-09-30 20:50:38 CEST.

Flavor Version Tinstall Tcheck Ttotal Status Flags
r-devel-linux-x86_64-debian-clang 1.0.0 1.56 28.44 30.00 OK
r-devel-linux-x86_64-debian-gcc 1.0.0 1.55 20.93 22.48 OK
r-devel-linux-x86_64-fedora-clang 1.0.0 47.06 NOTE
r-devel-linux-x86_64-fedora-gcc 1.0.0 44.92 NOTE
r-devel-windows-x86_64 1.0.0 3.00 48.00 51.00 OK
r-patched-linux-x86_64 1.0.0 1.46 27.16 28.62 OK
r-release-linux-x86_64 1.0.0 1.63 26.65 28.28 OK
r-release-macos-arm64 1.0.0 20.00 OK
r-release-macos-x86_64 1.0.0 35.00 OK
r-release-windows-x86_64 1.0.0 3.00 52.00 55.00 OK
r-oldrel-macos-arm64 1.0.0 17.00 OK
r-oldrel-macos-x86_64 1.0.0 25.00 OK
r-oldrel-windows-x86_64 1.0.0 3.00 54.00 57.00 OK

Check Details

Version: 1.0.0
Check: dependencies in R code
Result: NOTE Namespace in Imports field not imported from: ‘psych’ All declared Imports should be used. Flavors: r-devel-linux-x86_64-fedora-clang, r-devel-linux-x86_64-fedora-gcc