Last updated on 2025-09-30 20:50:39 CEST.
Flavor | Version | Tinstall | Tcheck | Ttotal | Status | Flags |
---|---|---|---|---|---|---|
r-devel-linux-x86_64-debian-clang | 1.3.1 | 42.64 | 117.96 | 160.60 | OK | |
r-devel-linux-x86_64-debian-gcc | 1.3.1 | 27.73 | 87.13 | 114.86 | OK | |
r-devel-linux-x86_64-fedora-clang | 1.3.1 | 263.85 | OK | |||
r-devel-linux-x86_64-fedora-gcc | 1.3.1 | 264.26 | OK | |||
r-devel-windows-x86_64 | 1.3.1 | 56.00 | 137.00 | 193.00 | OK | |
r-patched-linux-x86_64 | 1.3.1 | 43.08 | 110.99 | 154.07 | OK | |
r-release-linux-x86_64 | 1.3.1 | 44.18 | 110.32 | 154.50 | OK | |
r-release-macos-arm64 | 1.3.1 | 81.00 | OK | |||
r-release-macos-x86_64 | 1.3.1 | 140.00 | OK | |||
r-release-windows-x86_64 | 1.3.1 | 55.00 | 136.00 | 191.00 | OK | |
r-oldrel-macos-arm64 | 1.3.1 | 49.00 | NOTE | |||
r-oldrel-macos-x86_64 | 1.3.1 | 79.00 | NOTE | |||
r-oldrel-windows-x86_64 | 1.3.1 | 67.00 | 169.00 | 236.00 | NOTE |
Version: 1.3.1
Check: for GNU extensions in Makefiles
Result: NOTE
GNU make is a SystemRequirements.
Flavors: r-oldrel-macos-arm64, r-oldrel-macos-x86_64, r-oldrel-windows-x86_64