Last updated on 2025-09-30 20:50:42 CEST.
Flavor | Version | Tinstall | Tcheck | Ttotal | Status | Flags |
---|---|---|---|---|---|---|
r-devel-linux-x86_64-debian-clang | 1.0-1 | 24.95 | 118.95 | 143.90 | NOTE | |
r-devel-linux-x86_64-debian-gcc | 1.0-1 | 15.49 | 79.18 | 94.67 | NOTE | |
r-devel-linux-x86_64-fedora-clang | 1.0-1 | 230.96 | OK | |||
r-devel-linux-x86_64-fedora-gcc | 1.0-1 | 218.85 | OK | |||
r-devel-windows-x86_64 | 1.0-1 | 26.00 | 110.00 | 136.00 | OK | |
r-patched-linux-x86_64 | 1.0-1 | 24.14 | 109.60 | 133.74 | OK | |
r-release-linux-x86_64 | 1.0-1 | 25.19 | 110.37 | 135.56 | OK | |
r-release-macos-arm64 | 1.0-1 | 52.00 | OK | |||
r-release-macos-x86_64 | 1.0-1 | 91.00 | OK | |||
r-release-windows-x86_64 | 1.0-1 | 25.00 | 111.00 | 136.00 | OK | |
r-oldrel-macos-arm64 | 1.0-1 | 47.00 | OK | |||
r-oldrel-macos-x86_64 | 1.0-1 | 74.00 | OK | |||
r-oldrel-windows-x86_64 | 1.0-1 | 35.00 | 141.00 | 176.00 | OK |
Version: 1.0-1
Check: CRAN incoming feasibility
Result: NOTE
Maintainer: ‘Ruben H. Roa-Ureta <ruben.roa.ureta@mail.com>’
No Authors@R field in DESCRIPTION.
Please add one, modifying
Authors@R: person(given = c("Ruben", "H."),
family = "Roa-Ureta",
role = c("aut", "cre"),
email = "ruben.roa.ureta@mail.com")
as necessary.
Flavors: r-devel-linux-x86_64-debian-clang, r-devel-linux-x86_64-debian-gcc