Last updated on 2025-09-30 20:50:44 CEST.
Flavor | Version | Tinstall | Tcheck | Ttotal | Status | Flags |
---|---|---|---|---|---|---|
r-devel-linux-x86_64-debian-clang | 1.1 | 21.57 | 113.16 | 134.73 | NOTE | |
r-devel-linux-x86_64-debian-gcc | 1.1 | 16.36 | 84.02 | 100.38 | NOTE | |
r-devel-linux-x86_64-fedora-clang | 1.1 | 214.49 | OK | |||
r-devel-linux-x86_64-fedora-gcc | 1.1 | 211.80 | OK | |||
r-devel-windows-x86_64 | 1.1 | 16.00 | 101.00 | 117.00 | OK | |
r-patched-linux-x86_64 | 1.1 | 19.96 | 108.93 | 128.89 | OK | |
r-release-linux-x86_64 | 1.1 | 23.55 | 109.29 | 132.84 | OK | |
r-release-macos-arm64 | 1.1 | 43.00 | OK | |||
r-release-macos-x86_64 | 1.1 | 80.00 | OK | |||
r-release-windows-x86_64 | 1.1 | 16.00 | 100.00 | 116.00 | OK | |
r-oldrel-macos-arm64 | 1.1 | 44.00 | OK | |||
r-oldrel-macos-x86_64 | 1.1 | 64.00 | OK | |||
r-oldrel-windows-x86_64 | 1.1 | 22.00 | 126.00 | 148.00 | OK |
Version: 1.1
Check: CRAN incoming feasibility
Result: NOTE
Maintainer: ‘Marie-Karelle Riviere-Jourdan <eldamjh@gmail.com>’
No Authors@R field in DESCRIPTION.
Please add one, modifying
Authors@R: c(person(given = "Marie-Karelle",
family = "Riviere-Jourdan",
role = c("aut", "cre"),
email = "eldamjh@gmail.com"),
person(given = "France",
family = "Mentre",
role = "aut",
email = "france.mentre@inserm.fr"))
as necessary.
Flavors: r-devel-linux-x86_64-debian-clang, r-devel-linux-x86_64-debian-gcc