CRAN Package Check Results for Package PDN

Last updated on 2025-09-30 20:50:46 CEST.

Flavor Version Tinstall Tcheck Ttotal Status Flags
r-devel-linux-x86_64-debian-clang 0.1.0 10.05 138.96 149.01 NOTE
r-devel-linux-x86_64-debian-gcc 0.1.0 7.13 94.64 101.77 NOTE
r-devel-linux-x86_64-fedora-clang 0.1.0 228.89 NOTE
r-devel-linux-x86_64-fedora-gcc 0.1.0 232.60 NOTE
r-devel-windows-x86_64 0.1.0 12.00 126.00 138.00 OK
r-patched-linux-x86_64 0.1.0 9.77 128.94 138.71 OK
r-release-linux-x86_64 0.1.0 9.50 128.36 137.86 OK
r-release-macos-arm64 0.1.0 61.00 OK
r-release-macos-x86_64 0.1.0 123.00 OK
r-release-windows-x86_64 0.1.0 12.00 125.00 137.00 OK
r-oldrel-macos-arm64 0.1.0 56.00 OK
r-oldrel-macos-x86_64 0.1.0 104.00 OK
r-oldrel-windows-x86_64 0.1.0 15.00 170.00 185.00 OK

Check Details

Version: 0.1.0
Check: CRAN incoming feasibility
Result: NOTE Maintainer: ‘Zhenbang Wang <bruce1edward@gmail.com>’ No Authors@R field in DESCRIPTION. Please add one, modifying Authors@R: c(person(given = "Javier", family = "Cabrera", role = "aut", email = "xavier.cabrera@gmail.com"), person(given = "Fei", family = "Wang", role = "aut", email = "cherry8177@gmail.com"), person(given = "Zhenbang", family = "Wang", role = "cre", email = "bruce1edward@gmail.com")) as necessary. Flavors: r-devel-linux-x86_64-debian-clang, r-devel-linux-x86_64-debian-gcc

Version: 0.1.0
Check: dependencies in R code
Result: NOTE Namespace in Imports field not imported from: ‘glmnet’ All declared Imports should be used. Flavors: r-devel-linux-x86_64-fedora-clang, r-devel-linux-x86_64-fedora-gcc