CRAN Package Check Results for Package PKPDsim

Last updated on 2025-09-30 20:50:47 CEST.

Flavor Version Tinstall Tcheck Ttotal Status Flags
r-devel-linux-x86_64-debian-clang 1.4.1 55.28 477.61 532.89 OK
r-devel-linux-x86_64-debian-gcc 1.4.1 38.77 335.60 374.37 OK
r-devel-linux-x86_64-fedora-clang 1.4.1 916.09 NOTE
r-devel-linux-x86_64-fedora-gcc 1.4.1 982.64 NOTE
r-devel-windows-x86_64 1.4.1 70.00 581.00 651.00 OK
r-patched-linux-x86_64 1.4.1 62.51 509.05 571.56 OK
r-release-linux-x86_64 1.4.1 59.13 504.46 563.59 OK
r-release-macos-arm64 1.4.1 209.00 OK
r-release-macos-x86_64 1.4.1 412.00 OK
r-release-windows-x86_64 1.4.1 73.00 582.00 655.00 OK
r-oldrel-macos-arm64 1.4.1 217.00 OK
r-oldrel-macos-x86_64 1.4.1 436.00 OK
r-oldrel-windows-x86_64 1.4.1 84.00 711.00 795.00 OK

Check Details

Version: 1.4.1
Check: dependencies in R code
Result: NOTE Namespace in Imports field not imported from: ‘BH’ All declared Imports should be used. Flavors: r-devel-linux-x86_64-fedora-clang, r-devel-linux-x86_64-fedora-gcc