Last updated on 2025-09-30 20:50:46 CEST.
Flavor | Version | Tinstall | Tcheck | Ttotal | Status | Flags |
---|---|---|---|---|---|---|
r-devel-linux-x86_64-debian-clang | 1.2.1 | 8.84 | 245.66 | 254.50 | OK | |
r-devel-linux-x86_64-debian-gcc | 1.2.1 | 6.80 | 173.38 | 180.18 | OK | |
r-devel-linux-x86_64-fedora-clang | 1.2.1 | 417.00 | OK | |||
r-devel-linux-x86_64-fedora-gcc | 1.2.1 | 436.63 | OK | |||
r-devel-windows-x86_64 | 1.2.1 | 12.00 | 250.00 | 262.00 | OK | |
r-patched-linux-x86_64 | 1.2.1 | 9.31 | 244.11 | 253.42 | OK | |
r-release-linux-x86_64 | 1.2.1 | 8.43 | 242.34 | 250.77 | OK | |
r-release-macos-arm64 | 1.2.1 | 160.00 | OK | |||
r-release-macos-x86_64 | 1.2.1 | 314.00 | OK | |||
r-release-windows-x86_64 | 1.2.1 | 11.00 | 246.00 | 257.00 | OK | |
r-oldrel-macos-arm64 | 1.2.1 | 146.00 | OK | |||
r-oldrel-macos-x86_64 | 1.2.1 | 218.00 | NOTE | |||
r-oldrel-windows-x86_64 | 1.2.1 | 13.00 | 320.00 | 333.00 | OK |
Version: 1.2.1
Check: installed package size
Result: NOTE
installed size is 5.4Mb
sub-directories of 1Mb or more:
data 3.4Mb
doc 1.9Mb
Flavor: r-oldrel-macos-x86_64