Last updated on 2025-09-30 20:50:48 CEST.
Flavor | Version | Tinstall | Tcheck | Ttotal | Status | Flags |
---|---|---|---|---|---|---|
r-devel-linux-x86_64-debian-clang | 0.0.1 | 330.87 | 104.40 | 435.27 | OK | |
r-devel-linux-x86_64-debian-gcc | 0.0.1 | 287.08 | 99.61 | 386.69 | OK | |
r-devel-linux-x86_64-fedora-clang | 0.0.1 | 679.35 | OK | |||
r-devel-linux-x86_64-fedora-gcc | 0.0.1 | 925.47 | OK | |||
r-devel-windows-x86_64 | 0.0.1 | 340.00 | 184.00 | 524.00 | OK | |
r-patched-linux-x86_64 | 0.0.1 | 395.51 | 132.16 | 527.67 | OK | |
r-release-linux-x86_64 | 0.0.1 | 383.49 | 133.29 | 516.78 | OK | |
r-release-macos-arm64 | 0.0.1 | 198.00 | OK | |||
r-release-macos-x86_64 | 0.0.1 | 216.00 | OK | |||
r-release-windows-x86_64 | 0.0.1 | 330.00 | 180.00 | 510.00 | OK | |
r-oldrel-macos-arm64 | 0.0.1 | 194.00 | NOTE | |||
r-oldrel-macos-x86_64 | 0.0.1 | 222.00 | NOTE | |||
r-oldrel-windows-x86_64 | 0.0.1 | 407.00 | 207.00 | 614.00 | OK |
Version: 0.0.1
Check: installed package size
Result: NOTE
installed size is 123.6Mb
sub-directories of 1Mb or more:
libs 123.1Mb
Flavors: r-oldrel-macos-arm64, r-oldrel-macos-x86_64