CRAN Package Check Results for Package R2MLwiN

Last updated on 2025-09-30 20:50:48 CEST.

Flavor Version Tinstall Tcheck Ttotal Status Flags
r-devel-linux-x86_64-debian-clang 0.8-9 55.54 169.27 224.81 NOTE
r-devel-linux-x86_64-debian-gcc 0.8-9 33.79 109.62 143.41 NOTE
r-devel-linux-x86_64-fedora-clang 0.8-9 346.01 OK
r-devel-linux-x86_64-fedora-gcc 0.8-9 334.82 OK
r-devel-windows-x86_64 0.8-9 52.00 162.00 214.00 NOTE
r-patched-linux-x86_64 0.8-9 54.57 158.47 213.04 NOTE
r-release-linux-x86_64 0.8-9 55.01 158.37 213.38 NOTE
r-release-macos-arm64 0.8-9 82.00 OK
r-release-macos-x86_64 0.8-9 179.00 OK
r-release-windows-x86_64 0.8-9 50.00 164.00 214.00 NOTE
r-oldrel-macos-arm64 0.8-9 80.00 OK
r-oldrel-macos-x86_64 0.8-9 135.00 OK
r-oldrel-windows-x86_64 0.8-9 72.00 203.00 275.00 OK

Check Details

Version: 0.8-9
Check: Rd cross-references
Result: NOTE Found the following Rd file(s) with Rd \link{} targets missing package anchors: runMLwiN.Rd: mcmc.list sixway.Rd: mcmc, mcmc.list Please provide package anchors for all Rd \link{} targets not in the package itself and the base packages. Flavors: r-devel-linux-x86_64-debian-clang, r-devel-linux-x86_64-debian-gcc, r-devel-windows-x86_64, r-patched-linux-x86_64, r-release-linux-x86_64, r-release-windows-x86_64