Last updated on 2025-09-30 20:50:50 CEST.
Flavor | Version | Tinstall | Tcheck | Ttotal | Status | Flags |
---|---|---|---|---|---|---|
r-devel-linux-x86_64-debian-clang | 0.1.6 | 236.74 | 212.63 | 449.37 | OK | |
r-devel-linux-x86_64-debian-gcc | 0.1.6 | 161.39 | 154.22 | 315.61 | OK | |
r-devel-linux-x86_64-fedora-clang | 0.1.6 | 901.71 | OK | |||
r-devel-linux-x86_64-fedora-gcc | 0.1.6 | 863.15 | OK | |||
r-devel-windows-x86_64 | 0.1.6 | 221.00 | 257.00 | 478.00 | OK | |
r-patched-linux-x86_64 | 0.1.4 | 218.66 | 194.50 | 413.16 | NOTE | |
r-release-linux-x86_64 | 0.1.6 | 220.85 | 197.71 | 418.56 | OK | |
r-release-macos-arm64 | 0.1.6 | 134.00 | OK | |||
r-release-macos-x86_64 | 0.1.6 | 263.00 | OK | |||
r-release-windows-x86_64 | 0.1.6 | 259.00 | 243.00 | 502.00 | OK | |
r-oldrel-macos-arm64 | 0.1.6 | 138.00 | NOTE | |||
r-oldrel-macos-x86_64 | 0.1.6 | 355.00 | NOTE | |||
r-oldrel-windows-x86_64 | 0.1.6 | 200.00 | 315.00 | 515.00 | OK |
Version: 0.1.4
Check: C++ specification
Result: NOTE
Specified C++11: please drop specification unless essential
Flavor: r-patched-linux-x86_64
Version: 0.1.4
Check: Rd files
Result: NOTE
checkRd: (-1) acg.Rd:72: Escaped LaTeX specials: \&
checkRd: (-1) gorilla.Rd:41: Escaped LaTeX specials: \&
checkRd: (-1) grassmann.utest.Rd:63: Escaped LaTeX specials: \&
checkRd: (-1) macg.Rd:71: Escaped LaTeX specials: \&
checkRd: (-1) sphere.utest.Rd:47: Escaped LaTeX specials: \&
checkRd: (-1) stiefel.utest.Rd:64: Escaped LaTeX specials: \&
checkRd: (-1) wrap.landmark.Rd:41: Escaped LaTeX specials: \&
Flavor: r-patched-linux-x86_64
Version: 0.1.6
Check: installed package size
Result: NOTE
installed size is 18.8Mb
sub-directories of 1Mb or more:
data 1.6Mb
libs 16.5Mb
Flavors: r-oldrel-macos-arm64, r-oldrel-macos-x86_64