CRAN Package Check Results for Package SANvi

Last updated on 2025-09-30 20:50:51 CEST.

Flavor Version Tinstall Tcheck Ttotal Status Flags
r-devel-linux-x86_64-debian-clang 0.1.1 101.97 43.21 145.18 OK
r-devel-linux-x86_64-debian-gcc 0.1.1 58.89 31.41 90.30 OK
r-devel-linux-x86_64-fedora-clang 0.1.1 279.60 OK
r-devel-linux-x86_64-fedora-gcc 0.1.1 235.27 OK
r-devel-windows-x86_64 0.1.1 119.00 77.00 196.00 OK
r-patched-linux-x86_64 0.1.1 96.70 38.99 135.69 OK
r-release-linux-x86_64 0.1.1 92.29 38.70 130.99 OK
r-release-macos-arm64 0.1.1 56.00 OK
r-release-macos-x86_64 0.1.1 84.00 OK
r-release-windows-x86_64 0.1.1 118.00 82.00 200.00 OK
r-oldrel-macos-arm64 0.1.1 59.00 NOTE
r-oldrel-macos-x86_64 0.1.1 70.00 NOTE
r-oldrel-windows-x86_64 0.1.1 140.00 97.00 237.00 OK

Check Details

Version: 0.1.1
Check: installed package size
Result: NOTE installed size is 6.1Mb sub-directories of 1Mb or more: libs 5.6Mb Flavors: r-oldrel-macos-arm64, r-oldrel-macos-x86_64