CRAN Package Check Results for Package SVEMnet

Last updated on 2025-09-29 20:50:02 CEST.

Flavor Version Tinstall Tcheck Ttotal Status Flags
r-devel-linux-x86_64-debian-clang 2.1.3 12.19 0.02 12.21 FAIL
r-devel-linux-x86_64-debian-gcc 2.2.4 8.94 99.74 108.68 OK
r-devel-linux-x86_64-fedora-clang 2.2.4 231.84 OK
r-devel-linux-x86_64-fedora-gcc 2.2.4 257.77 OK
r-devel-windows-x86_64 2.2.4 18.00 152.00 170.00 OK
r-patched-linux-x86_64 2.1.3 12.43 115.16 127.59 OK
r-release-linux-x86_64 2.2.4 13.28 127.46 140.74 OK
r-release-macos-arm64 2.2.4 66.00 OK
r-release-macos-x86_64 2.2.4 214.00 OK
r-release-windows-x86_64 2.2.4 17.00 135.00 152.00 OK
r-oldrel-macos-arm64 2.2.4 72.00 OK
r-oldrel-macos-x86_64 2.2.4 194.00 OK
r-oldrel-windows-x86_64 2.2.4 20.00 172.00 192.00 OK

Check Details

Version: 2.1.3
Check: package dependencies
Result: FAIL
Flavor: r-devel-linux-x86_64-debian-clang