CRAN Package Check Results for Package SenTinMixt

Last updated on 2025-09-30 08:51:06 CEST.

Flavor Version Tinstall Tcheck Ttotal Status Flags
r-devel-linux-x86_64-debian-clang 1.0.0 5.00 0.01 5.01 FAIL
r-devel-linux-x86_64-debian-gcc 1.0.0 2.54 26.59 29.13 OK
r-devel-linux-x86_64-fedora-clang 1.0.0 59.67 OK
r-devel-linux-x86_64-fedora-gcc 1.0.0 55.29 OK
r-devel-windows-x86_64 1.0.0 6.00 59.00 65.00 OK
r-patched-linux-x86_64 1.0.0 5.34 31.78 37.12 OK
r-release-linux-x86_64 1.0.0 5.19 31.76 36.95 OK
r-release-macos-arm64 1.0.0 29.00 OK
r-release-macos-x86_64 1.0.0 43.00 OK
r-release-windows-x86_64 1.0.0 7.00 60.00 67.00 OK
r-oldrel-macos-arm64 1.0.0 29.00 OK
r-oldrel-macos-x86_64 1.0.0 44.00 OK
r-oldrel-windows-x86_64 1.0.0 8.00 71.00 79.00 OK

Check Details

Version: 1.0.0
Check: package dependencies
Result: FAIL
Flavor: r-devel-linux-x86_64-debian-clang