CRAN Package Check Results for Package WR

Last updated on 2025-09-30 20:50:56 CEST.

Flavor Version Tinstall Tcheck Ttotal Status Flags
r-devel-linux-x86_64-debian-clang 1.0 8.28 269.81 278.09 NOTE
r-devel-linux-x86_64-debian-gcc 1.0 5.30 161.37 166.67 NOTE
r-devel-linux-x86_64-fedora-clang 1.0 446.50 OK
r-devel-linux-x86_64-fedora-gcc 1.0 457.41 OK
r-devel-windows-x86_64 1.0 8.00 241.00 249.00 OK
r-patched-linux-x86_64 1.0 7.61 248.77 256.38 OK
r-release-linux-x86_64 1.0 6.76 245.02 251.78 OK
r-release-macos-arm64 1.0 129.00 OK
r-release-macos-x86_64 1.0 286.00 OK
r-release-windows-x86_64 1.0 8.00 239.00 247.00 OK
r-oldrel-macos-arm64 1.0 112.00 OK
r-oldrel-macos-x86_64 1.0 192.00 OK
r-oldrel-windows-x86_64 1.0 12.00 329.00 341.00 OK

Check Details

Version: 1.0
Check: CRAN incoming feasibility
Result: NOTE Maintainer: ‘Lu Mao <lmao@biostat.wisc.edu>’ No Authors@R field in DESCRIPTION. Please add one, modifying Authors@R: c(person(given = "Lu", family = "Mao", role = c("aut", "cre"), email = "lmao@biostat.wisc.edu"), person(given = "Tuo", family = "Wang", role = "aut")) as necessary. Flavors: r-devel-linux-x86_64-debian-clang, r-devel-linux-x86_64-debian-gcc