Last updated on 2025-10-01 08:48:57 CEST.
Flavor | Version | Tinstall | Tcheck | Ttotal | Status | Flags |
---|---|---|---|---|---|---|
r-devel-linux-x86_64-debian-clang | 1.0.2 | 16.83 | 200.06 | 216.89 | OK | |
r-devel-linux-x86_64-debian-gcc | 1.0.2 | 11.21 | 137.94 | 149.15 | OK | |
r-devel-linux-x86_64-fedora-clang | 1.0.2 | 354.81 | OK | |||
r-devel-linux-x86_64-fedora-gcc | 1.0.2 | 356.32 | OK | |||
r-devel-windows-x86_64 | 1.0.2 | 18.00 | 198.00 | 216.00 | OK | |
r-patched-linux-x86_64 | 1.0.1 | 11.79 | 188.67 | 200.46 | WARN | |
r-release-linux-x86_64 | 1.0.2 | 12.55 | 197.30 | 209.85 | OK | |
r-release-macos-arm64 | 1.0.2 | 99.00 | OK | |||
r-release-macos-x86_64 | 1.0.2 | 219.00 | OK | |||
r-release-windows-x86_64 | 1.0.2 | 17.00 | 187.00 | 204.00 | OK | |
r-oldrel-macos-arm64 | 1.0.2 | 100.00 | OK | |||
r-oldrel-macos-x86_64 | 1.0.2 | 207.00 | OK | |||
r-oldrel-windows-x86_64 | 1.0.2 | 23.00 | 246.00 | 269.00 | OK |
Version: 1.0.1
Check: whether package can be installed
Result: WARN
Found the following significant warnings:
Warning: replacing previous import ‘e1071::element’ by ‘ggplot2::element’ when loading ‘ZetaSuite’
Flavor: r-patched-linux-x86_64