CRAN Package Check Results for Package ahnr

Last updated on 2025-09-30 20:50:31 CEST.

Flavor Version Tinstall Tcheck Ttotal Status Flags
r-devel-linux-x86_64-debian-clang 0.3.1 5.06 125.80 130.86 OK
r-devel-linux-x86_64-debian-gcc 0.3.1 4.01 88.13 92.14 OK
r-devel-linux-x86_64-fedora-clang 0.3.1 214.36 OK
r-devel-linux-x86_64-fedora-gcc 0.3.1 225.66 OK
r-devel-windows-x86_64 0.3.1 8.00 125.00 133.00 OK
r-patched-linux-x86_64 0.3.1 5.54 117.02 122.56 OK
r-release-linux-x86_64 0.3.1 5.46 118.00 123.46 OK
r-release-macos-arm64 0.3.1 64.00 OK
r-release-macos-x86_64 0.3.1 106.00 OK
r-release-windows-x86_64 0.3.1 8.00 122.00 130.00 OK
r-oldrel-macos-arm64 0.3.1 53.00 NOTE
r-oldrel-macos-x86_64 0.3.1 83.00 NOTE
r-oldrel-windows-x86_64 0.3.1 10.00 160.00 170.00 NOTE

Check Details

Version: 0.3.1
Check: LazyData
Result: NOTE 'LazyData' is specified without a 'data' directory Flavors: r-oldrel-macos-arm64, r-oldrel-macos-x86_64, r-oldrel-windows-x86_64