Last updated on 2025-09-30 20:50:32 CEST.
Flavor | Version | Tinstall | Tcheck | Ttotal | Status | Flags |
---|---|---|---|---|---|---|
r-devel-linux-x86_64-debian-clang | 0.1.5 | 139.31 | 171.77 | 311.08 | OK | |
r-devel-linux-x86_64-debian-gcc | 0.1.5 | 92.99 | 119.38 | 212.37 | OK | |
r-devel-linux-x86_64-fedora-clang | 0.1.5 | 580.20 | OK | |||
r-devel-linux-x86_64-fedora-gcc | 0.1.5 | 531.70 | OK | |||
r-devel-windows-x86_64 | 0.1.5 | 163.00 | 169.00 | 332.00 | OK | |
r-patched-linux-x86_64 | 0.1.5 | 151.60 | 156.17 | 307.77 | OK | |
r-release-linux-x86_64 | 0.1.5 | 142.06 | 157.56 | 299.62 | OK | |
r-release-macos-arm64 | 0.1.5 | 135.00 | OK | |||
r-release-macos-x86_64 | 0.1.5 | 174.00 | OK | |||
r-release-windows-x86_64 | 0.1.5 | 157.00 | 168.00 | 325.00 | OK | |
r-oldrel-macos-arm64 | 0.1.5 | 125.00 | NOTE | |||
r-oldrel-macos-x86_64 | 0.1.5 | 207.00 | NOTE | |||
r-oldrel-windows-x86_64 | 0.1.5 | 193.00 | 221.00 | 414.00 | OK |
Version: 0.1.5
Check: installed package size
Result: NOTE
installed size is 10.4Mb
sub-directories of 1Mb or more:
libs 8.9Mb
Flavors: r-oldrel-macos-arm64, r-oldrel-macos-x86_64