Last updated on 2025-09-30 20:50:32 CEST.
Flavor | Version | Tinstall | Tcheck | Ttotal | Status | Flags |
---|---|---|---|---|---|---|
r-devel-linux-x86_64-debian-clang | 2.3.8 | 8.62 | 87.86 | 96.48 | NOTE | |
r-devel-linux-x86_64-debian-gcc | 2.3.8 | 6.53 | 63.43 | 69.96 | NOTE | |
r-devel-linux-x86_64-fedora-clang | 2.3.8 | 139.85 | OK | |||
r-devel-linux-x86_64-fedora-gcc | 2.3.8 | 136.62 | OK | |||
r-devel-windows-x86_64 | 2.3.8 | 11.00 | 118.00 | 129.00 | OK | |
r-patched-linux-x86_64 | 2.3.8 | 12.35 | 83.38 | 95.73 | NOTE | |
r-release-linux-x86_64 | 2.3.8 | 9.07 | 83.67 | 92.74 | NOTE | |
r-release-macos-arm64 | 2.3.8 | 42.00 | OK | |||
r-release-macos-x86_64 | 2.3.8 | 83.00 | OK | |||
r-release-windows-x86_64 | 2.3.8 | 12.00 | 117.00 | 129.00 | OK | |
r-oldrel-macos-arm64 | 2.3.8 | 40.00 | OK | |||
r-oldrel-macos-x86_64 | 2.3.8 | 99.00 | OK | |||
r-oldrel-windows-x86_64 | 2.3.8 | 16.00 | 138.00 | 154.00 | OK |
Version: 2.3.8
Check: for unstated dependencies in ‘demo’
Result: NOTE
'library' or 'require' call not declared from: ‘gridExtra’
Flavors: r-devel-linux-x86_64-debian-clang, r-devel-linux-x86_64-debian-gcc, r-patched-linux-x86_64, r-release-linux-x86_64