CRAN Package Check Results for Package cdcatR

Last updated on 2025-09-30 20:50:34 CEST.

Flavor Version Tinstall Tcheck Ttotal Status Flags
r-devel-linux-x86_64-debian-clang 1.0.6 14.45 127.26 141.71 NOTE
r-devel-linux-x86_64-debian-gcc 1.0.6 10.92 87.03 97.95 NOTE
r-devel-linux-x86_64-fedora-clang 1.0.6 229.05 NOTE
r-devel-linux-x86_64-fedora-gcc 1.0.6 219.10 NOTE
r-devel-windows-x86_64 1.0.6 17.00 121.00 138.00 NOTE
r-patched-linux-x86_64 1.0.6 14.75 120.00 134.75 NOTE
r-release-linux-x86_64 1.0.6 14.05 119.72 133.77 NOTE
r-release-macos-arm64 1.0.6 59.00 NOTE
r-release-macos-x86_64 1.0.6 107.00 NOTE
r-release-windows-x86_64 1.0.6 16.00 120.00 136.00 NOTE
r-oldrel-macos-arm64 1.0.6 61.00 NOTE
r-oldrel-macos-x86_64 1.0.6 84.00 NOTE
r-oldrel-windows-x86_64 1.0.6 23.00 169.00 192.00 NOTE

Check Details

Version: 1.0.6
Check: package subdirectories
Result: NOTE Problems with news in ‘NEWS.md’: No news entries found. Flavors: r-devel-linux-x86_64-debian-clang, r-devel-linux-x86_64-debian-gcc, r-devel-linux-x86_64-fedora-clang, r-devel-linux-x86_64-fedora-gcc, r-devel-windows-x86_64, r-patched-linux-x86_64, r-release-linux-x86_64, r-release-macos-arm64, r-release-macos-x86_64, r-release-windows-x86_64, r-oldrel-macos-arm64, r-oldrel-macos-x86_64, r-oldrel-windows-x86_64