CRAN Package Check Results for Package chess

Last updated on 2025-09-30 20:50:34 CEST.

Flavor Version Tinstall Tcheck Ttotal Status Flags
r-devel-linux-x86_64-debian-clang 1.0.1 5.69 73.40 79.09 OK
r-devel-linux-x86_64-debian-gcc 1.0.1 4.27 57.45 61.72 OK
r-devel-linux-x86_64-fedora-clang 1.0.1 119.61 OK
r-devel-linux-x86_64-fedora-gcc 1.0.1 137.82 OK
r-devel-windows-x86_64 1.0.1 8.00 107.00 115.00 OK
r-patched-linux-x86_64 1.0.1 6.20 69.06 75.26 OK
r-release-linux-x86_64 1.0.1 5.36 69.09 74.45 OK
r-release-macos-arm64 1.0.1 55.00 OK
r-release-macos-x86_64 1.0.1 106.00 OK
r-release-windows-x86_64 1.0.1 8.00 104.00 112.00 OK
r-oldrel-macos-arm64 1.0.1 45.00 NOTE
r-oldrel-macos-x86_64 1.0.1 64.00 NOTE
r-oldrel-windows-x86_64 1.0.1 10.00 109.00 119.00 NOTE

Check Details

Version: 1.0.1
Check: LazyData
Result: NOTE 'LazyData' is specified without a 'data' directory Flavors: r-oldrel-macos-arm64, r-oldrel-macos-x86_64, r-oldrel-windows-x86_64