CRAN Package Check Results for Package coat

Last updated on 2025-09-30 20:50:34 CEST.

Flavor Version Tinstall Tcheck Ttotal Status Flags
r-devel-linux-x86_64-debian-clang 0.2.2 7.33 54.87 62.20 OK
r-devel-linux-x86_64-debian-gcc 0.2.2 5.26 40.91 46.17 OK
r-devel-linux-x86_64-fedora-clang 0.2.2 95.19 OK
r-devel-linux-x86_64-fedora-gcc 0.2.2 92.57 OK
r-devel-windows-x86_64 0.2.2 8.00 68.00 76.00 OK
r-patched-linux-x86_64 0.2.2 6.23 52.20 58.43 OK
r-release-linux-x86_64 0.2.2 6.91 51.98 58.89 OK
r-release-macos-arm64 0.2.2 30.00 OK
r-release-macos-x86_64 0.2.2 90.00 OK
r-release-windows-x86_64 0.2.2 8.00 65.00 73.00 OK
r-oldrel-macos-arm64 0.2.2 36.00 NOTE
r-oldrel-macos-x86_64 0.2.2 76.00 NOTE
r-oldrel-windows-x86_64 0.2.2 10.00 77.00 87.00 NOTE

Check Details

Version: 0.2.2
Check: package dependencies
Result: NOTE Package suggested but not available for checking: ‘disttree’ Flavors: r-oldrel-macos-arm64, r-oldrel-macos-x86_64, r-oldrel-windows-x86_64