CRAN Package Check Results for Package crumble

Last updated on 2025-09-30 20:50:35 CEST.

Flavor Version Tinstall Tcheck Ttotal Status Flags
r-devel-linux-x86_64-debian-clang 0.1.2 5.22 48.43 53.65 NOTE
r-devel-linux-x86_64-debian-gcc 0.1.2 3.32 36.03 39.35 NOTE
r-devel-linux-x86_64-fedora-clang 0.1.2 83.01 NOTE
r-devel-linux-x86_64-fedora-gcc 0.1.2 76.35 NOTE
r-devel-windows-x86_64 0.1.2 7.00 66.00 73.00 NOTE
r-patched-linux-x86_64 0.1.2 4.14 43.78 47.92 NOTE
r-release-linux-x86_64 0.1.2 4.74 44.34 49.08 NOTE
r-release-macos-arm64 0.1.2 29.00 NOTE
r-release-macos-x86_64 0.1.2 46.00 NOTE
r-release-windows-x86_64 0.1.2 8.00 62.00 70.00 NOTE
r-oldrel-macos-arm64 0.1.2 26.00 OK
r-oldrel-macos-x86_64 0.1.2 44.00 OK
r-oldrel-windows-x86_64 0.1.2 10.00 79.00 89.00 OK

Check Details

Version: 0.1.2
Check: DESCRIPTION meta-information
Result: NOTE Missing dependency on R >= 4.2.0 because package code uses the pipe placeholder syntax added in R 4.2.0. File(s) using such syntax: ‘helpers.R’ Flavors: r-devel-linux-x86_64-debian-clang, r-devel-linux-x86_64-debian-gcc, r-devel-linux-x86_64-fedora-clang, r-devel-linux-x86_64-fedora-gcc, r-devel-windows-x86_64, r-patched-linux-x86_64, r-release-linux-x86_64, r-release-macos-arm64, r-release-macos-x86_64, r-release-windows-x86_64