CRAN Package Check Results for Package dbscan

Last updated on 2025-09-30 20:50:35 CEST.

Flavor Version Tinstall Tcheck Ttotal Status Flags
r-devel-linux-x86_64-debian-clang 1.2.3 101.72 108.83 210.55 OK
r-devel-linux-x86_64-debian-gcc 1.2.3 72.27 76.84 149.11 OK
r-devel-linux-x86_64-fedora-clang 1.2.3 381.29 OK
r-devel-linux-x86_64-fedora-gcc 1.2.3 381.95 OK
r-devel-windows-x86_64 1.2.3 123.00 161.00 284.00 OK
r-patched-linux-x86_64 1.2.3 102.55 101.98 204.53 OK
r-release-linux-x86_64 1.2.3 105.11 101.82 206.93 OK
r-release-macos-arm64 1.2.3 87.00 OK
r-release-macos-x86_64 1.2.3 215.00 OK
r-release-windows-x86_64 1.2.3 124.00 156.00 280.00 OK
r-oldrel-macos-arm64 1.2.3 91.00 NOTE
r-oldrel-macos-x86_64 1.2.3 190.00 NOTE
r-oldrel-windows-x86_64 1.2.3 140.00 182.00 322.00 NOTE

Check Details

Version: 1.2.3
Check: installed package size
Result: NOTE installed size is 11.0Mb sub-directories of 1Mb or more: doc 3.0Mb libs 7.3Mb Flavors: r-oldrel-macos-arm64, r-oldrel-macos-x86_64, r-oldrel-windows-x86_64