CRAN Package Check Results for Package deTS

Last updated on 2025-10-01 08:48:32 CEST.

Flavor Version Tinstall Tcheck Ttotal Status Flags
r-devel-linux-x86_64-debian-clang 1.0 3.12 60.58 63.70 NOTE
r-devel-linux-x86_64-debian-gcc 1.0 2.52 43.96 46.48 NOTE
r-devel-linux-x86_64-fedora-clang 1.0 89.74 NOTE
r-devel-linux-x86_64-fedora-gcc 1.0 95.77 NOTE
r-devel-windows-x86_64 1.0 5.00 90.00 95.00 OK
r-patched-linux-x86_64 1.0 3.39 56.69 60.08 OK
r-release-linux-x86_64 1.0 3.83 56.61 60.44 OK
r-release-macos-arm64 1.0 38.00 OK
r-release-macos-x86_64 1.0 58.00 OK
r-release-windows-x86_64 1.0 6.00 81.00 87.00 OK
r-oldrel-macos-arm64 1.0 32.00 OK
r-oldrel-macos-x86_64 1.0 45.00 OK
r-oldrel-windows-x86_64 1.0 7.00 95.00 102.00 OK

Check Details

Version: 1.0
Check: CRAN incoming feasibility
Result: NOTE Maintainer: ‘Guangsheng Pei <peiguangsheng@gmail.com>’ No Authors@R field in DESCRIPTION. Please add one, modifying Authors@R: person(given = "Guangsheng", family = "Pei", role = c("aut", "cre"), email = "peiguangsheng@gmail.com") as necessary. Found the following \keyword or \concept entries which likely give several index terms: File ‘deTS-package.Rd’: \keyword{ deTS; TSEA } Flavors: r-devel-linux-x86_64-debian-clang, r-devel-linux-x86_64-debian-gcc

Version: 1.0
Check: dependencies in R code
Result: NOTE Namespace in Imports field not imported from: ‘RColorBrewer’ All declared Imports should be used. Flavors: r-devel-linux-x86_64-fedora-clang, r-devel-linux-x86_64-fedora-gcc