Last updated on 2025-09-30 20:50:36 CEST.
Flavor | Version | Tinstall | Tcheck | Ttotal | Status | Flags |
---|---|---|---|---|---|---|
r-devel-linux-x86_64-debian-clang | 1.8.6.2 | 1.91 | 28.81 | 30.72 | OK | |
r-devel-linux-x86_64-debian-gcc | 1.8.6.2 | 1.67 | 23.45 | 25.12 | OK | |
r-devel-linux-x86_64-fedora-clang | 1.8.6.2 | 45.36 | OK | |||
r-devel-linux-x86_64-fedora-gcc | 1.8.6.2 | 43.86 | OK | |||
r-devel-windows-x86_64 | 1.8.6.2 | 3.00 | 51.00 | 54.00 | OK | |
r-patched-linux-x86_64 | 1.8.6.2 | 1.93 | 27.21 | 29.14 | OK | |
r-release-linux-x86_64 | 1.8.6.2 | 1.76 | 27.55 | 29.31 | OK | |
r-release-macos-arm64 | 1.8.6.2 | 27.00 | OK | |||
r-release-macos-x86_64 | 1.8.6.2 | 67.00 | OK | |||
r-release-windows-x86_64 | 1.8.6.2 | 4.00 | 52.00 | 56.00 | OK | |
r-oldrel-macos-arm64 | 1.8.6.2 | 43.00 | NOTE | |||
r-oldrel-macos-x86_64 | 1.8.6.2 | 75.00 | NOTE | |||
r-oldrel-windows-x86_64 | 1.8.6.2 | 4.00 | 61.00 | 65.00 | OK |
Version: 1.8.6.2
Check: package dependencies
Result: NOTE
Package suggested but not available for checking: ‘doMPI’
Flavors: r-oldrel-macos-arm64, r-oldrel-macos-x86_64
Version: 1.8.6.2
Check: Rd cross-references
Result: NOTE
Package unavailable to check Rd xrefs: ‘doMPI’
Flavors: r-oldrel-macos-arm64, r-oldrel-macos-x86_64