Last updated on 2025-10-01 08:48:33 CEST.
Flavor | Version | Tinstall | Tcheck | Ttotal | Status | Flags |
---|---|---|---|---|---|---|
r-devel-linux-x86_64-debian-clang | 2.2.9 | 31.32 | 366.79 | 398.11 | NOTE | |
r-devel-linux-x86_64-debian-gcc | 2.2.9 | 21.13 | 235.99 | 257.12 | NOTE | |
r-devel-linux-x86_64-fedora-clang | 2.2.9 | 609.92 | OK | |||
r-devel-linux-x86_64-fedora-gcc | 2.2.9 | 596.08 | OK | |||
r-devel-windows-x86_64 | 2.2.9 | 29.00 | 441.00 | 470.00 | OK | |
r-patched-linux-x86_64 | 2.2.9 | 29.09 | 345.34 | 374.43 | OK | |
r-release-linux-x86_64 | 2.2.9 | 29.53 | 342.05 | 371.58 | OK | |
r-release-macos-arm64 | 2.2.9 | 224.00 | OK | |||
r-release-macos-x86_64 | 2.2.9 | 434.00 | OK | |||
r-release-windows-x86_64 | 2.2.9 | 29.00 | 432.00 | 461.00 | OK | |
r-oldrel-macos-arm64 | 2.2.9 | 210.00 | OK | |||
r-oldrel-macos-x86_64 | 2.2.9 | 317.00 | OK | |||
r-oldrel-windows-x86_64 | 2.2.9 | 42.00 | 614.00 | 656.00 | OK |
Version: 2.2.9
Check: CRAN incoming feasibility
Result: NOTE
Maintainer: ‘Matteo Marcantonio <marcantoniomatteo@gmail.com>’
The BugReports field in DESCRIPTION has
https://github.com/mattmar/dynamAedes
which should likely be
https://github.com/mattmar/dynamAedes/issues
instead.
Flavors: r-devel-linux-x86_64-debian-clang, r-devel-linux-x86_64-debian-gcc