Last updated on 2025-09-30 20:50:37 CEST.
Flavor | Version | Tinstall | Tcheck | Ttotal | Status | Flags |
---|---|---|---|---|---|---|
r-devel-linux-x86_64-debian-clang | 0.4.2 | 10.83 | 89.77 | 100.60 | NOTE | |
r-devel-linux-x86_64-debian-gcc | 0.4.2 | 7.23 | 62.69 | 69.92 | NOTE | |
r-devel-linux-x86_64-fedora-clang | 0.4.2 | 157.41 | NOTE | |||
r-devel-linux-x86_64-fedora-gcc | 0.4.2 | 149.37 | NOTE | |||
r-devel-windows-x86_64 | 0.4.2 | 14.00 | 102.00 | 116.00 | NOTE | |
r-patched-linux-x86_64 | 0.4.2 | 8.49 | 82.65 | 91.14 | NOTE | |
r-release-linux-x86_64 | 0.4.2 | 9.83 | 83.94 | 93.77 | NOTE | |
r-release-macos-arm64 | 0.4.2 | 53.00 | NOTE | |||
r-release-macos-x86_64 | 0.4.2 | 74.00 | NOTE | |||
r-release-windows-x86_64 | 0.4.2 | 13.00 | 106.00 | 119.00 | NOTE | |
r-oldrel-macos-arm64 | 0.4.2 | 36.00 | NOTE | |||
r-oldrel-macos-x86_64 | 0.4.2 | 68.00 | NOTE | |||
r-oldrel-windows-x86_64 | 0.4.2 | 17.00 | 127.00 | 144.00 | NOTE |
Version: 0.4.2
Check: Rd files
Result: NOTE
checkRd: (-1) USA_state_N.Rd:10: Lost braces in \itemize; meant \describe ?
checkRd: (-1) USA_state_N.Rd:11: Lost braces in \itemize; meant \describe ?
checkRd: (-1) confirmed.Rd:10: Lost braces in \itemize; meant \describe ?
checkRd: (-1) confirmed.Rd:11: Lost braces in \itemize; meant \describe ?
checkRd: (-1) death.Rd:10: Lost braces in \itemize; meant \describe ?
checkRd: (-1) death.Rd:11: Lost braces in \itemize; meant \describe ?
checkRd: (-1) recovered.Rd:10: Lost braces in \itemize; meant \describe ?
checkRd: (-1) recovered.Rd:11: Lost braces in \itemize; meant \describe ?
Flavors: r-devel-linux-x86_64-debian-clang, r-devel-linux-x86_64-debian-gcc, r-devel-linux-x86_64-fedora-clang, r-devel-linux-x86_64-fedora-gcc, r-devel-windows-x86_64, r-patched-linux-x86_64, r-release-linux-x86_64, r-release-macos-arm64, r-release-macos-x86_64, r-release-windows-x86_64, r-oldrel-macos-arm64, r-oldrel-macos-x86_64, r-oldrel-windows-x86_64