CRAN Package Check Results for Package eaf

Last updated on 2025-09-30 20:50:36 CEST.

Flavor Version Tinstall Tcheck Ttotal Status Flags
r-devel-linux-x86_64-debian-clang 2.5.2 9.71 81.09 90.80 OK
r-devel-linux-x86_64-debian-gcc 2.5.2 7.98 63.64 71.62 OK
r-devel-linux-x86_64-fedora-clang 2.5.2 136.10 OK
r-devel-linux-x86_64-fedora-gcc 2.5.2 133.18 OK
r-devel-windows-x86_64 2.5.2 45.00 112.00 157.00 OK
r-patched-linux-x86_64 2.5.2 11.20 80.29 91.49 NOTE
r-release-linux-x86_64 2.5.2 10.56 75.82 86.38 OK
r-release-macos-arm64 2.5.2 65.00 OK
r-release-macos-x86_64 2.5.2 96.00 OK
r-release-windows-x86_64 2.5.2 41.00 112.00 153.00 OK
r-oldrel-macos-arm64 2.5.2 55.00 NOTE
r-oldrel-macos-x86_64 2.5.2 95.00 NOTE
r-oldrel-windows-x86_64 2.5.2 46.00 131.00 177.00 NOTE

Check Details

Version: 2.5.2
Check: Rd cross-references
Result: NOTE Unknown package ‘extrafont’ in Rd xrefs Flavor: r-patched-linux-x86_64

Version: 2.5.2
Check: for GNU extensions in Makefiles
Result: NOTE GNU make is a SystemRequirements. Flavors: r-oldrel-macos-arm64, r-oldrel-macos-x86_64, r-oldrel-windows-x86_64