CRAN Package Check Results for Package epos

Last updated on 2025-09-30 20:50:37 CEST.

Flavor Version Tinstall Tcheck Ttotal Status Flags
r-devel-linux-x86_64-debian-clang 1.2 6.46 81.15 87.61 OK
r-devel-linux-x86_64-debian-gcc 1.2 5.63 55.97 61.60 OK
r-devel-linux-x86_64-fedora-clang 1.2 136.25 NOTE
r-devel-linux-x86_64-fedora-gcc 1.2 127.92 NOTE
r-devel-windows-x86_64 1.2 10.00 102.00 112.00 OK
r-patched-linux-x86_64 1.2 7.10 74.82 81.92 OK
r-release-linux-x86_64 1.2 7.03 75.39 82.42 OK
r-release-macos-arm64 1.2 43.00 OK
r-release-macos-x86_64 1.2 72.00 OK
r-release-windows-x86_64 1.2 9.00 102.00 111.00 OK
r-oldrel-macos-arm64 1.2 46.00 OK
r-oldrel-macos-x86_64 1.2 79.00 OK
r-oldrel-windows-x86_64 1.2 12.00 126.00 138.00 OK

Check Details

Version: 1.2
Check: dependencies in R code
Result: NOTE Namespace in Imports field not imported from: ‘testthat’ All declared Imports should be used. Flavors: r-devel-linux-x86_64-fedora-clang, r-devel-linux-x86_64-fedora-gcc