CRAN Package Check Results for Package eshrink

Last updated on 2025-09-30 20:50:37 CEST.

Flavor Version Tinstall Tcheck Ttotal Status Flags
r-devel-linux-x86_64-debian-clang 0.2.0 7.65 61.06 68.71 OK
r-devel-linux-x86_64-debian-gcc 0.2.0 5.33 44.93 50.26 OK
r-devel-linux-x86_64-fedora-clang 0.2.0 102.32 OK
r-devel-linux-x86_64-fedora-gcc 0.2.0 107.18 OK
r-devel-windows-x86_64 0.2.0 12.00 91.00 103.00 OK
r-patched-linux-x86_64 0.1.2 7.55 57.90 65.45 NOTE
r-release-linux-x86_64 0.2.0 6.36 57.55 63.91 OK
r-release-macos-arm64 0.2.0 32.00 OK
r-release-macos-x86_64 0.2.0 78.00 OK
r-release-windows-x86_64 0.2.0 9.00 77.00 86.00 OK
r-oldrel-macos-arm64 0.2.0 38.00 OK
r-oldrel-macos-x86_64 0.2.0 100.00 OK
r-oldrel-windows-x86_64 0.2.0 10.00 85.00 95.00 OK

Check Details

Version: 0.1.2
Check: Rd files
Result: NOTE checkRd: (-1) festRidge.Rd:80: Lost braces; missing escapes or markup? 80 | \item{XtXlamIinv}{explicit value of (X'X + diag(penalty))^{-1}. Useful | ^ Flavor: r-patched-linux-x86_64