CRAN Package Check Results for Package fdANOVA

Last updated on 2025-09-29 20:49:43 CEST.

Flavor Version Tinstall Tcheck Ttotal Status Flags
r-devel-linux-x86_64-debian-clang 0.1.2 19.52 148.34 167.86 NOTE
r-devel-linux-x86_64-debian-gcc 0.1.2 12.48 98.49 110.97 NOTE
r-devel-linux-x86_64-fedora-clang 0.1.2 250.18 OK
r-devel-linux-x86_64-fedora-gcc 0.1.2 286.62 OK
r-devel-windows-x86_64 0.1.2 19.00 152.00 171.00 OK
r-patched-linux-x86_64 0.1.2 18.32 136.99 155.31 OK
r-release-linux-x86_64 0.1.2 17.42 137.49 154.91 OK
r-release-macos-arm64 0.1.2 80.00 OK
r-release-macos-x86_64 0.1.2 165.00 OK
r-release-windows-x86_64 0.1.2 20.00 157.00 177.00 OK
r-oldrel-macos-arm64 0.1.2 75.00 OK
r-oldrel-macos-x86_64 0.1.2 178.00 OK
r-oldrel-windows-x86_64 0.1.2 25.00 184.00 209.00 OK

Check Details

Version: 0.1.2
Check: CRAN incoming feasibility
Result: NOTE Maintainer: ‘Lukasz Smaga <ls@amu.edu.pl>’ No Authors@R field in DESCRIPTION. Please add one, modifying Authors@R: c(person(given = "Tomasz", family = "Gorecki", role = "aut"), person(given = "Lukasz", family = "Smaga", role = c("aut", "cre"), email = "ls@amu.edu.pl")) as necessary. Flavors: r-devel-linux-x86_64-debian-clang, r-devel-linux-x86_64-debian-gcc