Last updated on 2025-10-01 08:48:35 CEST.
Flavor | Version | Tinstall | Tcheck | Ttotal | Status | Flags |
---|---|---|---|---|---|---|
r-devel-linux-x86_64-debian-clang | 0.2.1 | 2.02 | 20.84 | 22.86 | OK | |
r-devel-linux-x86_64-debian-gcc | 0.2.1 | 1.63 | 16.75 | 18.38 | OK | |
r-devel-linux-x86_64-fedora-clang | 0.2.1 | 32.94 | OK | |||
r-devel-linux-x86_64-fedora-gcc | 0.2.1 | 31.99 | OK | |||
r-devel-windows-x86_64 | 0.2.1 | 4.00 | 40.00 | 44.00 | OK | |
r-patched-linux-x86_64 | 0.2.1 | 2.01 | 19.55 | 21.56 | OK | |
r-release-linux-x86_64 | 0.2.1 | 2.04 | 19.45 | 21.49 | OK | |
r-release-macos-arm64 | 0.2.1 | 16.00 | OK | |||
r-release-macos-x86_64 | 0.2.1 | 26.00 | OK | |||
r-release-windows-x86_64 | 0.2.1 | 4.00 | 41.00 | 45.00 | OK | |
r-oldrel-macos-arm64 | 0.2.1 | 14.00 | NOTE | |||
r-oldrel-macos-x86_64 | 0.2.1 | 21.00 | NOTE | |||
r-oldrel-windows-x86_64 | 0.2.1 | 4.00 | 45.00 | 49.00 | NOTE |
Version: 0.2.1
Check: LazyData
Result: NOTE
'LazyData' is specified without a 'data' directory
Flavors: r-oldrel-macos-arm64, r-oldrel-macos-x86_64, r-oldrel-windows-x86_64