CRAN Package Check Results for Package funr

Last updated on 2025-09-30 20:50:38 CEST.

Flavor Version Tinstall Tcheck Ttotal Status Flags
r-devel-linux-x86_64-debian-clang 0.3.2 1.80 21.52 23.32 OK
r-devel-linux-x86_64-debian-gcc 0.3.2 1.43 18.22 19.65 OK
r-devel-linux-x86_64-fedora-clang 0.3.2 36.50 OK
r-devel-linux-x86_64-fedora-gcc 0.3.2 32.47 OK
r-devel-windows-x86_64 0.3.2 2.00 47.00 49.00 OK
r-patched-linux-x86_64 0.3.2 1.89 20.50 22.39 OK
r-release-linux-x86_64 0.3.2 1.75 20.66 22.41 OK
r-release-macos-arm64 0.3.2 17.00 OK
r-release-macos-x86_64 0.3.2 27.00 OK
r-release-windows-x86_64 0.3.2 4.00 47.00 51.00 OK
r-oldrel-macos-arm64 0.3.2 16.00 NOTE
r-oldrel-macos-x86_64 0.3.2 24.00 NOTE
r-oldrel-windows-x86_64 0.3.2 4.00 51.00 55.00 NOTE

Check Details

Version: 0.3.2
Check: LazyData
Result: NOTE 'LazyData' is specified without a 'data' directory Flavors: r-oldrel-macos-arm64, r-oldrel-macos-x86_64, r-oldrel-windows-x86_64