CRAN Package Check Results for Package gaston

Last updated on 2025-09-30 20:50:38 CEST.

Flavor Version Tinstall Tcheck Ttotal Status Flags
r-devel-linux-x86_64-debian-clang 1.6 509.98 102.00 611.98 OK
r-devel-linux-x86_64-debian-gcc 1.6 406.81 106.83 513.64 OK
r-devel-linux-x86_64-fedora-clang 1.6 1078.87 OK
r-devel-linux-x86_64-fedora-gcc 1.6 1251.95 OK
r-devel-windows-x86_64 1.6 574.00 210.00 784.00 OK
r-patched-linux-x86_64 1.6 574.19 148.57 722.76 OK
r-release-linux-x86_64 1.6 577.56 148.51 726.07 OK
r-release-macos-arm64 1.6 234.00 OK
r-release-macos-x86_64 1.6 266.00 OK
r-release-windows-x86_64 1.6 561.00 208.00 769.00 OK
r-oldrel-macos-arm64 1.6 144.00 NOTE
r-oldrel-macos-x86_64 1.6 132.00 NOTE
r-oldrel-windows-x86_64 1.6 669.00 241.00 910.00 NOTE

Check Details

Version: 1.6
Check: installed package size
Result: NOTE installed size is 96.4Mb sub-directories of 1Mb or more: extdata 1.6Mb libs 92.8Mb Flavors: r-oldrel-macos-arm64, r-oldrel-macos-x86_64, r-oldrel-windows-x86_64