CRAN Package Check Results for Package geomerge

Last updated on 2025-09-30 20:50:39 CEST.

Flavor Version Tinstall Tcheck Ttotal Status Flags
r-devel-linux-x86_64-debian-clang 0.3.4 31.80 286.88 318.68 NOTE
r-devel-linux-x86_64-debian-gcc 0.3.4 23.00 184.96 207.96 NOTE
r-devel-linux-x86_64-fedora-clang 0.3.4 501.61 OK
r-devel-linux-x86_64-fedora-gcc 0.3.4 484.15 OK
r-devel-windows-x86_64 0.3.4 32.00 216.00 248.00 OK
r-patched-linux-x86_64 0.3.4 32.82 269.79 302.61 OK
r-release-linux-x86_64 0.3.4 29.37 271.84 301.21 OK
r-release-macos-arm64 0.3.4 117.00 OK
r-release-macos-x86_64 0.3.4 209.00 OK
r-release-windows-x86_64 0.3.4 30.00 216.00 246.00 OK
r-oldrel-macos-arm64 0.3.4 96.00 OK
r-oldrel-macos-x86_64 0.3.4 169.00 OK
r-oldrel-windows-x86_64 0.3.4 44.00 296.00 340.00 OK

Check Details

Version: 0.3.4
Check: CRAN incoming feasibility
Result: NOTE Maintainer: ‘Karsten Donnay <kdonnay@gmx.net>’ No Authors@R field in DESCRIPTION. Please add one, modifying Authors@R: c(person(given = "Karsten", family = "Donnay", role = c("aut", "cre"), email = "kdonnay@gmx.net"), person(given = c("Andrew", "M."), family = "Linke", role = "aut")) as necessary. Flavors: r-devel-linux-x86_64-debian-clang, r-devel-linux-x86_64-debian-gcc