CRAN Package Check Results for Package ggExtra

Last updated on 2025-09-30 20:50:39 CEST.

Flavor Version Tinstall Tcheck Ttotal Status Flags
r-devel-linux-x86_64-debian-clang 0.11.0 4.78 57.97 62.75 NOTE
r-devel-linux-x86_64-debian-gcc 0.11.0 3.15 45.31 48.46 NOTE
r-devel-linux-x86_64-fedora-clang 0.11.0 91.24 NOTE
r-devel-linux-x86_64-fedora-gcc 0.11.0 98.51 NOTE
r-devel-windows-x86_64 0.11.0 9.00 76.00 85.00 OK
r-patched-linux-x86_64 0.11.0 4.70 55.24 59.94 NOTE
r-release-linux-x86_64 0.11.0 4.83 55.02 59.85 NOTE
r-release-macos-arm64 0.11.0 41.00 OK
r-release-macos-x86_64 0.11.0 69.00 OK
r-release-windows-x86_64 0.11.0 8.00 76.00 84.00 OK
r-oldrel-macos-arm64 0.11.0 47.00 OK
r-oldrel-macos-x86_64 0.11.0 81.00 OK
r-oldrel-windows-x86_64 0.11.0 9.00 89.00 98.00 OK

Check Details

Version: 0.11.0
Check: R code for possible problems
Result: NOTE Found the following assignments to the global environment: File ‘ggExtra/R/ggMarginalGadget.R’: assign(plotname, eval(parse(text = origPlot)), envir = .GlobalEnv) Flavors: r-devel-linux-x86_64-debian-clang, r-devel-linux-x86_64-debian-gcc, r-devel-linux-x86_64-fedora-clang, r-patched-linux-x86_64, r-release-linux-x86_64

Version: 0.11.0
Check: dependencies in R code
Result: NOTE Namespaces in Imports field not imported from: ‘R6’ ‘scales’ ‘utils’ All declared Imports should be used. Flavors: r-devel-linux-x86_64-fedora-clang, r-devel-linux-x86_64-fedora-gcc