CRAN Package Check Results for Package glmnet

Last updated on 2025-09-30 20:50:39 CEST.

Flavor Version Tinstall Tcheck Ttotal Status Flags
r-devel-linux-x86_64-debian-clang 4.1-10 85.87 262.91 348.78 OK
r-devel-linux-x86_64-debian-gcc 4.1-10 80.57 186.35 266.92 OK
r-devel-linux-x86_64-fedora-clang 4.1-10 523.54 OK
r-devel-linux-x86_64-fedora-gcc 4.1-10 595.71 OK
r-devel-windows-x86_64 4.1-10 101.00 380.00 481.00 OK
r-patched-linux-x86_64 4.1-10 110.07 258.94 369.01 OK
r-release-linux-x86_64 4.1-10 105.28 258.57 363.85 OK
r-release-macos-arm64 4.1-10 148.00 OK
r-release-macos-x86_64 4.1-10 310.00 OK
r-release-windows-x86_64 4.1-10 104.00 387.00 491.00 OK
r-oldrel-macos-arm64 4.1-10 110.00 NOTE
r-oldrel-macos-x86_64 4.1-10 301.00 NOTE
r-oldrel-windows-x86_64 4.1-10 118.00 410.00 528.00 OK

Check Details

Version: 4.1-10
Check: installed package size
Result: NOTE installed size is 33.9Mb sub-directories of 1Mb or more: libs 31.9Mb Flavors: r-oldrel-macos-arm64, r-oldrel-macos-x86_64