Last updated on 2025-09-30 20:50:40 CEST.
Flavor | Version | Tinstall | Tcheck | Ttotal | Status | Flags |
---|---|---|---|---|---|---|
r-devel-linux-x86_64-debian-clang | 1.0.0 | 52.48 | 93.56 | 146.04 | OK | |
r-devel-linux-x86_64-debian-gcc | 1.0.0 | 33.74 | 64.01 | 97.75 | OK | |
r-devel-linux-x86_64-fedora-clang | 1.0.0 | 241.56 | OK | |||
r-devel-linux-x86_64-fedora-gcc | 1.0.0 | 228.25 | OK | |||
r-devel-windows-x86_64 | 1.0.0 | 68.00 | 126.00 | 194.00 | OK | |
r-patched-linux-x86_64 | 1.0.0 | 51.29 | 85.49 | 136.78 | OK | |
r-release-linux-x86_64 | 1.0.0 | 51.21 | 86.06 | 137.27 | OK | |
r-release-macos-arm64 | 1.0.0 | 64.00 | OK | |||
r-release-macos-x86_64 | 1.0.0 | 97.00 | OK | |||
r-release-windows-x86_64 | 1.0.0 | 65.00 | 123.00 | 188.00 | OK | |
r-oldrel-macos-arm64 | 1.0.0 | 59.00 | NOTE | |||
r-oldrel-macos-x86_64 | 1.0.0 | 77.00 | NOTE | |||
r-oldrel-windows-x86_64 | 1.0.0 | 82.00 | 161.00 | 243.00 | OK |
Version: 1.0.0
Check: installed package size
Result: NOTE
installed size is 5.8Mb
sub-directories of 1Mb or more:
data 3.0Mb
libs 2.5Mb
Flavors: r-oldrel-macos-arm64, r-oldrel-macos-x86_64