CRAN Package Check Results for Package hatchR

Last updated on 2025-09-30 20:50:40 CEST.

Flavor Version Tinstall Tcheck Ttotal Status Flags
r-devel-linux-x86_64-debian-clang 1.0.1 5.10 219.28 224.38 OK
r-devel-linux-x86_64-debian-gcc 1.0.1 3.38 161.73 165.11 OK
r-devel-linux-x86_64-fedora-clang 1.0.1 326.07 OK
r-devel-linux-x86_64-fedora-gcc 1.0.1 333.11 OK
r-devel-windows-x86_64 1.0.1 9.00 191.00 200.00 OK
r-patched-linux-x86_64 1.0.1 5.33 211.44 216.77 OK
r-release-linux-x86_64 1.0.1 5.16 213.55 218.71 OK
r-release-macos-arm64 1.0.1 87.00 OK
r-release-macos-x86_64 1.0.1 174.00 OK
r-release-windows-x86_64 1.0.1 9.00 188.00 197.00 OK
r-oldrel-macos-arm64 1.0.1 92.00 NOTE
r-oldrel-macos-x86_64 1.0.1 174.00 NOTE
r-oldrel-windows-x86_64 1.0.1 10.00 247.00 257.00 NOTE

Check Details

Version: 1.0.1
Check: installed package size
Result: NOTE installed size is 5.5Mb sub-directories of 1Mb or more: data 2.5Mb doc 2.7Mb Flavors: r-oldrel-macos-arm64, r-oldrel-macos-x86_64, r-oldrel-windows-x86_64